onvert 4246505 (base 8) to base 9.
2117361
Convert -15300232 (base 6) to base 16.
-8303c
What is 334702 (base 9) in base 10?
200315
Convert -2202103133 (base 4) to base 6.
-22125435
Convert -111761541 (base 8) to base 9.
-40434811
-441411 (base 8) to base 10
-148233
What is 10200200021200 (base 3) in base 12?
7a7476
What is 10d056d (base 15) in base 6?
1110134534
-6504550 (base 7) to base 14
-168697
1332034402 (base 5) to base 13
91a56b
-131310220230 (base 4) to base 16
-774a2c
-65562 (base 7) to base 11
-11369
-7a2204 (base 11) to base 14
-253391
Convert 3404555 (base 6) to base 12.
8375b
13547537 (base 8) to base 14
59bda7
What is -100101100110011000 (base 2) in base 15?
-30973
Convert 85695 (base 11) to base 8.
363305
What is -254b292 (base 12) in base 15?
-998688
Convert 211335 (base 8) to base 7.
412101
Convert 51414452 (base 7) to base 6.
232145542
What is 32438 (base 14) in base 5?
12342240
What is -5a757 (base 13) in base 2?
-101000100010001110
Convert -213222210 (base 4) to base 13.
-58c47
Convert 12a8baa (base 15) to base 6.
1200102324
-168513 (base 10) to base 12
-81629
-110122201201 (base 3) to base 12
-100201
Convert 60097 (base 12) to base 4.
132121303
What is -4277d (base 14) in base 8?
-471573
325014 (base 6) to base 8
64602
Convert 5736896 (base 10) to base 11.
3269240
Convert -261676 (base 14) to base 16.
-13fdd8
What is 784670 (base 9) in base 13?
1357b9
-10d2a (base 14) to base 6
-513454
What is 2786a1 (base 14) in base 5?
322232304
-78605 (base 14) to base 13
-a2c10
What is 1031241203 (base 5) in base 4?
20130003111
58b87 (base 12) to base 15
254b1
What is -32251508 (base 9) in base 8?
-73276072
Convert 44403 (base 12) to base 6.
1534403
What is -4bbc79 (base 13) in base 4?
-12331231212
Convert -c32b (base 16) to base 13.
-19984
-346508 (base 11) to base 5
-120102231
Convert 20100012120100 (base 3) to base 13.
90cac5
-110001111101111010111 (base 2) to base 6
-55032131
What is 5140344 (base 6) in base 10?
246376
Convert -316562 (base 9) to base 13.
-67a84
-100111100010110111 (base 2) to base 8
-474267
-110100110000110000000 (base 2) to base 8
-6460600
-65523 (base 10) to base 7
-362013
Convert 133101111 (base 4) to base 3.
20111200220
-b1bd1 (base 14) to base 11
-272341
Convert 6089279 (base 11) to base 16.
a42a91
Convert -20841 (base 10) to base 6.
-240253
371050 (base 8) to base 13
4607b
Convert 13c0b (base 15) to base 2.
1111011111100101
What is -2303301201 (base 4) in base 13?
-1ca217
-1143014144 (base 5) to base 15
-386419
Convert 64c8 (base 16) to base 14.
958c
-6282631 (base 9) to base 10
-3361204
What is 302023555 (base 6) in base 11?
2998511
Convert 917ba6 (base 12) to base 4.
20223023232
Convert -11b53c (base 14) to base 13.
-183657
What is -332652 (base 9) in base 10?
-198821
12013313 (base 4) to base 16
61f7
What is 10b78a1 (base 14) in base 6?
442520101
-1001010000000010110100 (base 2) to base 4
-21100002310
What is 5907057 (base 11) in base 3?
201102010202220
4998e (base 15) to base 5
30010114
-110111101000111000 (base 2) to base 10
-227896
Convert 14234432 (base 5) to base 9.
246803
Convert -287906 (base 12) to base 11.
-42266a
123a49a (base 12) to base 3
20201001122201
-37aab1 (base 14) to base 8
-7226203
-2696ab8 (base 12) to base 3
-112102100101112
What is -104425305 (base 6) in base 16?
-1d0249
What is 16206 (base 7) in base 8?
10723
Convert -1024143044 (base 5) to base 7.
-24340363
13aef3 (base 16) to base 6
43352031
Convert -244b5 (base 14) to base 9.
-144662
What is -2040435 (base 8) in base 12?
-221079
What is 10010001110100100 (base 2) in base 15?
171c5
Convert 18293 (base 13) to base 6.
555415
-2211303112 (base 4) to base 8
-2456326
Convert -1208177 (base 9) to base 8.
-2400242
What is -80b08 (base 12) in base 10?
-167480
Convert -117153 (base 10) to base 16.
-1c9a1
What is 12342800 (base 9) in base 2?
10111000101011000010100
Convert -4456167 (base 8) to base 5.
-302001234
Convert 68326 (base 12) to base 8.
416716
-60006 (base 8) to base 6
-305450
Convert 283575 (base 11) to base 6.
13303050
-24706571 (base 8) to base 15
-732670
-a87db4 (base 16) to base 4
-222013312310
What is 2d5f7a (base 16) in base 8?
13257572
204144 (base 8) to base 4
100201210
78279 (base 14) to base 5
33310423
Convert -906a49 (base 12) to base 7.
-25064466
What is 479f7d (base 16) in base 14?
8a2857
154510135 (base 6) to base 10
3306155
-141424212 (base 5) to base 15
-e7307
5234121 (base 6) to base 4
331323001
What is -100000110100010000001001 (base 2) in base 11?
-4946316
-38152 (base 13) to base 7
-610510
What is -1717678 (base 11) in base 2?
-1011001001110010100111
What is 12230112303 (base 4) in base 16?
1ac5b3
What is 10fed0d (base 16) in base 14?
251c725
-1101100111110011111100 (base 2) to base 4
-31213303330
What is -1472816 (base 10) in base 3?
-2202211022202
Convert -9118b (base 15) to base 7.
-3622142
-10110010100101100 (base 2) to base 9
-148375
a12c2 (base 16) to base 15
d090c
What is 24a8c (base 15) in base 13?
41412
What is -2100651 (base 7) in base 2?
-111101101000010011
Convert -592717 (base 13) to base 6.
-113230411
Convert -5968 (base 12) to base 16.
-2720
-200212222202 (base 3) to base 2
-1011010110001000111
-24a32 (base 12) to base 16
-c2c6
Convert -50124461 (base 7) to base 11.
-2379167
Convert -21937 (base 13) to base 2.
-1110110111010110
116937 (base 11) to base 4
231013213
Convert -133304 (base 8) to base 4.
-23123010
What is c4ab0b (base 13) in base 9?
8571210
Convert 1101110001101110000 (base 2) to base 11.
2891a0
What is -1030013203 (base 4) in base 7?
-2435656
1000011110101100110 (base 2) to base 14
73394
2152545 (base 6) to base 11
74332
-66ed5 (base 16) to base 12
-183b85
-1e1e1 (base 15) to base 7
-556423
-20230002 (base 4) to base 14
-cd7c
Convert -26327 (base 9) to base 16.
-4564
-513164 (base 7) to base 16
-15608
What is -3bede2 (base 16) in base 9?
-7345483
11103320313 (base 4) to base 15
1c7773
1103325441 (base 6) to base 14
1825905
Convert -297831 (base 11) to base 7.
-3642216
40410212 (base 5) to base 11
202765
What is -441321 (base 6) in base 8?
-107421
7956 (base 15) to base 12
12a83
Convert -261266 (base 10) to base 9.
-437345
-233002020 (base 4) to base 13
-698c1
Convert 1213d06 (base 14) to base 2.
100001000000111000110010
-31a0a (base 14) to base 10
-119962
Convert -c439d (base 16) to base 13.
-221ab3
Convert -70e27b (base 16) to base 10.
-7398011
Convert 1ba998 (base 13) to base 12.
2a2420
What is 224854 (base 9) in base 12?
66041
2223211240 (base 5) to base 3
100012211101010
104137 (base 8) to base 9
52800
What is -61689 (base 15) in base 16?
-4b57c
What is -55fe93 (base 16) in base 7?
-65621463
What is 20002220221 (base 3) in base 11?
8236a
-256544 (base 9) to base 5
-14440342
What is 442ab (base 12) in base 2?
10110000010100011
Convert 507235 (base 9) to base 5.
34104132
f199 (base 16) to base 12
2b961
6bb9a1 (base 15) to base 2
10011101001111010101010
Convert 33741044 (base 8) to base 9.
14702815
-ba74e (base 16) to base 14
-15c47c
111014 (base 5) to base 9
5285
Convert -34134033 (base 7) to base 10.
-2966631
Convert -2d01d (base 16) to base 12.
-8a825
What is -64a5ab (base 13) in base 2?
-1001000001011000011110
What is 101303022013 (base 4) in base 16?
473287
-12020122112101 (base 3) to base 12
-b25584
2021122112222 (base 3) to base 5
302312320
Convert -156360 (base 12) to base 15.
-72a09
16200889 (base 10) to base 14
221a185
Convert -30474153 (base 8) to base 6.
-350152351
1310055 (base 8) to base 2
1011001000000101101
Convert 21011210200 (base 3) to base 14.
396b8
What is -17316 (base 8) in base 9?
-11732
Convert -303725 (base 9) to base 11.
-1131a8
What is -318601 (base 15) in base 8?
-10773555
-5aaaa (base 12) to base 5
-12410110
What is -532723 (base 9) in base 15?
-63db9
Convert -9314110 (base 10) to base 7.
-142111561
What is 270200 (base 10) in base 14?
70680
What is -21012110013 (base 4) in base 14?
-461327
-101010001101010111001010 (base 2) to base 8
-52152712
Convert -2311231130 (base 4) to base 15.
-ea7de
What is 455794 (base 10) in base 7?
3605563
Convert 515153 (base 7) to base 15.
1b228
215254532 (base 6) to base 11
2220864
What is 8c2c6 (base 13) in base 10?
255352
What is -10135335 (base 6) in base 2?
-1000111011111001011
Convert -b1815 (base 14) to base 